at is the ten thousands digit of 187863961?
6
What is the hundreds digit of 482259129?
1
What is the units digit of 1840991338?
8
What is the millions digit of 29998941?
9
What is the units digit of 286624567?
7
What is the ten thousands digit of 184719992?
1
What is the ten thousands digit of 219844241?
4
What is the ten thousands digit of 61576776?
7
What is the tens digit of 2566116346?
4
What is the millions digit of 1581319333?
1
What is the ten thousands digit of 5251980?
5
What is the tens digit of 272887667?
6
What is the hundred thousands digit of 29186297?
1
What is the thousands digit of 6101369?
1
What is the hundred millions digit of 4204083802?
2
What is the units digit of 524661732?
2
What is the hundreds digit of 62362176?
1
What is the thousands digit of 179345287?
5
What is the hundred thousands digit of 5194636456?
6
What is the millions digit of 26516888?
6
What is the ten thousands digit of 69487185?
8
What is the thousands digit of 664417828?
7
What is the hundred thousands digit of 1354369335?
3
What is the millions digit of 221282478?
1
What is the tens digit of 48262637?
3
What is the units digit of 336480492?
2
What is the ten thousands digit of 116452960?
5
What is the tens digit of 389603573?
7
What is the millions digit of 235463950?
5
What is the hundred millions digit of 226955777?
2
What is the ten millions digit of 450267076?
5
What is the millions digit of 603962632?
3
What is the tens digit of 20611372?
7
What is the units digit of 122402859?
9
What is the millions digit of 23502150?
3
What is the tens digit of 1570401?
0
What is the tens digit of 132447358?
5
What is the millions digit of 8336476?
8
What is the tens digit of 1394381146?
4
What is the units digit of 291177689?
9
What is the ten thousands digit of 69460146?
6
What is the hundred millions digit of 196949046?
1
What is the units digit of 150727798?
8
What is the tens digit of 223548359?
5
What is the ten millions digit of 87486558?
8
What is the hundred thousands digit of 1371980369?
9
What is the hundred thousands digit of 705697595?
6
What is the hundred thousands digit of 4657890599?
8
What is the millions digit of 1346306740?
6
What is the ten millions digit of 45529429?
4
What is the millions digit of 609046308?
9
What is the ten thousands digit of 691373556?
7
What is the ten millions digit of 18187262?
1
What is the hundreds digit of 282130866?
8
What is the thousands digit of 21571304?
1
What is the ten thousands digit of 443855371?
5
What is the ten millions digit of 27067776?
2
What is the ten millions digit of 202486954?
0
What is the hundred thousands digit of 1148873145?
8
What is the hundreds digit of 91850539?
5
What is the ten millions digit of 21915317?
2
What is the ten millions digit of 99396210?
9
What is the units digit of 5043278411?
1
What is the hundreds digit of 67894638?
6
What is the hundreds digit of 1117360179?
1
What is the hundreds digit of 574139425?
4
What is the hundreds digit of 53926444?
4
What is the millions digit of 86721291?
6
What is the tens digit of 18689387?
8
What is the thousands digit of 2734458713?
8
What is the ten thousands digit of 1173435567?
3
What is the thousands digit of 94075884?
5
What is the hundred thousands digit of 92479737?
4
What is the millions digit of 186972104?
6
What is the hundred thousands digit of 40848479?
8
What is the units digit of 25349250?
0
What is the units digit of 2655578879?
9
What is the hundreds digit of 92862444?
4
What is the tens digit of 136330371?
7
What is the ten millions digit of 14163862?
1
What is the ten millions digit of 54717880?
5
What is the ten thousands digit of 4629050954?
5
What is the ten millions digit of 327967549?
2
What is the units digit of 14848075?
5
What is the hundred thousands digit of 36965506?
9
What is the tens digit of 5075077803?
0
What is the tens digit of 74368682?
8
What is the thousands digit of 5093931195?
1
What is the hundreds digit of 2349551234?
2
What is the millions digit of 3284065911?
4
What is the ten thousands digit of 36019007?
1
What is the millions digit of 54447682?
4
What is the hundreds digit of 1957467718?
7
What is the hundred millions digit of 179967996?
1
What is the hundreds digit of 270520215?
2
What is the billions digit of 3259677288?
3
What is the units digit of 85993816?
6
What is the ten millions digit of 327986111?
2
What is the tens digit of 154417917?
1
What is the thousands digit of 4008278846?
8
What is the hundred thousands digit of 3578527712?
5
What is the hundred thousands digit of 27200312?
2
What is the thousands digit of 99195097?
5
What is the thousands digit of 339579178?
9
What is the ten millions digit of 63304793?
6
What is the hundred thousands digit of 152460551?
4
What is the hundred thousands digit of 478806684?
8
What is the ten thousands digit of 96194351?
9
What is the units digit of 3140536723?
3
What is the millions digit of 506618475?
6
What is the ten thousands digit of 2779645061?
4
What is the millions digit of 31637070?
1
What is the ten millions digit of 995452864?
9
What is the hundred millions digit of 721666803?
7
What is the units digit of 3486873020?
0
What is the thousands digit of 19945583?
5
What is the ten thousands digit of 610263193?
6
What is the millions digit of 30103741?
0
What is the thousands digit of 1842617877?
7
What is the tens digit of 23049921?
2
What is the millions digit of 154459607?
4
What is the ten thousands digit of 1196485865?
8
What is the thousands digit of 3300188864?
8
What is the units digit of 2197937156?
6
What is the ten thousands digit of 51339970?
3
What is the tens digit of 3078819335?
3
What is the ten thousands digit of 64723350?
2
What is the thousands digit of 24825642?
5
What is the ten thousands digit of 6477351094?
5
What is the units digit of 18589386?
6
What is the hundreds digit of 229882997?
9
What is the thousands digit of 59129980?
9
What is the hundred thousands digit of 802053835?
0
What is the thousands digit of 2029590000?
0
What is the thousands digit of 61258668?
8
What is the hundred millions digit of 660255631?
6
What is the millions digit of 475162001?
5
What is the tens digit of 174332605?
0
What is the hundreds digit of 3625580035?
0
What is the thousands digit of 7259103081?
3
What is the millions digit of 132604427?
2
What is the thousands digit of 7790763865?
3
What is the millions digit of 819011116?
9
What is the ten millions digit of 236878714?
3
What is the hundred millions digit of 306534982?
3
What is the ten thousands digit of 1208901793?
0
What is the ten millions digit of 38851896?
3
What is the thousands digit of 4521?
4
What is the tens digit of 23713001?
0
What is the hundreds digit of 50757686?
6
What is the billions digit of 2189646289?
2
What is the hundred thousands digit of 221654905?
6
What is the tens digit of 2221804090?
9
What is the ten millions digit of 23737545?
2
What is the ten thousands digit of 1054227515?
2
What is the millions digit of 40301103?
0
What is the ten thousands digit of 78299904?
9
What is the units digit of 1725642380?
0
What is the units digit of 1747926319?
9
What is the millions digit of 188613430?
8
What is the hundreds digit of 23596800?
8
What is the hundreds digit of 87262222?
2
What is the millions digit of 130011813?
0
What is the thousands digit of 3699703441?
3
What is the hundreds digit of 143815958?
9
What is the ten thousands digit of 81842556?
4
What is the ten millions digit of 1882264741?
8
What is the ten thousands digit of 817586854?
8
What is the hundred thousands digit of 17321107?
3
What is the tens digit of 1494919736?
3
What is the thousands digit of 51139561?
9
What is the ten thousands digit of 3659406554?
0
What is the units digit of 59568278?
8
What is the ten millions digit of 231608684?
3
What is the ten millions digit of 481098539?
8
What is the ten millions digit of 1514725092?
1
What is the hundreds digit of 78114585?
5
What is the hundred millions digit of 1823877609?
8
What is the thousands digit of 2945522789?
2
What is the ten millions digit of 1224723038?
2
What is the ten millions digit of 4580992442?
8
What is the ten thousands digit of 3368892914?
9
What is the billions digit of 1582909731?
1
What is the tens 